 12) to base 16
17
Convert -1033 (base 4) to base 6.
-211
Convert -240 (base 8) to base 2.
-10100000
-1110 (base 3) to base 12
-33
18 (base 12) to base 13
17
What is -6 (base 12) in base 9?
-6
Convert -10 (base 10) to base 4.
-22
What is 1 (base 10) in base 12?
1
What is -534 (base 6) in base 10?
-202
-11 (base 7) to base 9
-8
What is 7b (base 13) in base 9?
123
Convert -20 (base 9) to base 10.
-18
-10 (base 3) to base 12
-3
Convert -11001 (base 2) to base 13.
-1c
21 (base 11) to base 9
25
What is -157 (base 12) in base 5?
-1321
What is 23 (base 15) in base 13?
27
21 (base 4) to base 10
9
What is 29 (base 10) in base 3?
1002
Convert -22 (base 12) to base 2.
-11010
What is 17 (base 11) in base 10?
18
-232 (base 4) to base 3
-1201
Convert -303 (base 4) to base 16.
-33
What is 39 (base 10) in base 15?
29
123 (base 9) to base 6
250
Convert -9 (base 10) to base 5.
-14
4b (base 15) to base 6
155
What is 112 (base 13) in base 12?
134
-7c (base 14) to base 13
-86
What is -20 (base 13) in base 4?
-122
What is 116 (base 12) in base 7?
321
Convert -25 (base 12) to base 3.
-1002
What is 234 (base 6) in base 2?
1011110
What is -43 (base 14) in base 4?
-323
-34 (base 6) to base 3
-211
Convert -2 (base 12) to base 7.
-2
Convert 3f (base 16) to base 11.
58
131 (base 4) to base 13
23
What is 513 (base 7) in base 6?
1103
Convert 11111 (base 2) to base 13.
25
What is -421 (base 5) in base 16?
-6f
What is 1 (base 11) in base 5?
1
Convert -1 (base 9) to base 2.
-1
142 (base 10) to base 9
167
Convert 1 (base 6) to base 11.
1
What is 100 (base 7) in base 6?
121
Convert -bb (base 13) to base 5.
-1104
Convert -476 (base 8) to base 7.
-633
-37 (base 10) to base 16
-25
What is 4 (base 9) in base 6?
4
Convert 5 (base 6) to base 14.
5
-2 (base 15) to base 13
-2
What is 15 (base 7) in base 15?
c
Convert -17 (base 16) to base 10.
-23
-136 (base 8) to base 11
-86
What is -5 (base 6) in base 3?
-12
Convert -10 (base 16) to base 5.
-31
Convert -20 (base 8) to base 2.
-10000
What is -11 (base 6) in base 4?
-13
What is -10001110 (base 2) in base 4?
-2032
Convert -1 (base 8) to base 16.
-1
-101 (base 4) to base 6
-25
-11 (base 6) to base 3
-21
-25 (base 9) to base 14
-19
Convert 12 (base 14) to base 4.
100
What is -11 (base 4) in base 5?
-10
3 (base 8) to base 11
3
What is -6 (base 13) in base 5?
-11
Convert -5 (base 14) to base 16.
-5
Convert 25 (base 15) to base 5.
120
-a5 (base 14) to base 3
-12101
9 (base 16) to base 13
9
What is -2 (base 13) in base 9?
-2
What is -33 (base 7) in base 6?
-40
What is 10001 (base 2) in base 7?
23
What is -10 (base 11) in base 16?
-b
3 (base 13) to base 12
3
-1 (base 14) to base 12
-1
Convert -4 (base 10) to base 15.
-4
What is 10011110 (base 2) in base 6?
422
-200 (base 4) to base 8
-40
-77 (base 10) to base 12
-65
Convert 54 (base 11) to base 4.
323
-121 (base 6) to base 2
-110001
-221 (base 5) to base 16
-3d
-2 (base 5) to base 16
-2
1c (base 14) to base 10
26
What is 9 (base 14) in base 16?
9
What is -16 (base 7) in base 4?
-31
5 (base 10) to base 12
5
155 (base 8) to base 2
1101101
What is 61 (base 14) in base 6?
221
-33 (base 10) to base 6
-53
Convert -b8 (base 12) to base 4.
-2030
What is -53 (base 13) in base 4?
-1010
Convert 1011 (base 2) to base 16.
b
79 (base 14) to base 13
83
What is 120 (base 4) in base 8?
30
What is 16 (base 13) in base 2?
10011
Convert -41 (base 5) to base 8.
-25
Convert -12202 (base 3) to base 8.
-233
Convert 1b (base 13) to base 8.
30
-1 (base 4) to base 6
-1
Convert -3 (base 10) to base 13.
-3
-12 (base 6) to base 9
-8
What is 114 (base 5) in base 3?
1021
3 (base 13) to base 7
3
Convert 4 (base 9) to base 2.
100
-1200 (base 3) to base 14
-33
Convert 1 (base 13) to base 16.
1
Convert 2 (base 3) to base 10.
2
What is -1b (base 15) in base 8?
-32
Convert 4 (base 16) to base 9.
4
20 (base 8) to base 11
15
-36 (base 12) to base 6
-110
Convert 312 (base 4) to base 5.
204
-f (base 16) to base 6
-23
Convert -b (base 16) to base 14.
-b
Convert -258 (base 11) to base 15.
-155
What is 10 (base 4) in base 13?
4
0 (base 11) to base 8
0
Convert 100 (base 4) to base 7.
22
Convert 1010 (base 4) to base 9.
75
-3 (base 9) to base 10
-3
-c (base 14) to base 8
-14
What is -4 (base 10) in base 14?
-4
Convert 2 (base 3) to base 12.
2
What is 1 (base 16) in base 2?
1
What is 5 (base 14) in base 8?
5
Convert -100 (base 4) to base 12.
-14
-314 (base 5) to base 8
-124
Convert 4 (base 14) to base 2.
100
Convert 22 (base 4) to base 13.
a
Convert -5 (base 7) to base 2.
-101
What is -14 (base 5) in base 4?
-21
Convert 2 (base 14) to base 3.
2
What is -3 (base 16) in base 8?
-3
-1e (base 15) to base 11
-27
-10021 (base 3) to base 11
-80
-188 (base 10) to base 6
-512
-13 (base 10) to base 4
-31
11 (base 6) to base 8
7
What is -12 (base 5) in base 14?
-7
Convert -15 (base 16) to base 6.
-33
What is -24 (base 12) in base 2?
-11100
Convert 7 (base 11) to base 15.
7
What is 75 (base 12) in base 4?
1121
0 (base 16) to base 7
0
What is -13 (base 5) in base 10?
-8
-20 (base 7) to base 15
-e
Convert -10 (base 12) to base 5.
-22
1 (base 16) to base 4
1
Convert -1d (base 15) to base 2.
-11100
Convert 344 (base 5) to base 6.
243
Convert -1001 (base 2) to base 9.
-10
-3 (base 11) to base 12
-3
Convert 4e (base 15) to base 5.
244
What is -1a (base 11) in base 14?
-17
What is -7 (base 14) in base 4?
-13
151 (base 7) to base 15
5a
Convert 2 (base 8) to base 3.
2
1 (base 15) to base 3
1
Convert 5 (base 10) to base 7.
5
What is -26 (base 8) in base 13?
-19
10 (base 3) to base 5
3
Convert -31 (base 5) to base 9.
-17
Convert 53 (base 12) to base 9.
70
What is 2 (base 12) in base 5?
2
Convert 7 (base 8) to base 13.
7
Convert -21 (base 10) to base 15.
-16
What is -5 (base 7) in base 14?
-5
Convert 18 (base 9) to base 12.
15
-c6 (base 16) to base 5
-1243
Convert -14 (base 10) to base 4.
-32
What is 3 (base 7) in base 15?
3
Convert -151 (base 7) to base 16.
-55
What is 0 (base 9) in base 15?
0
Convert 0 (base 5) to base 15.
0
-5 (base 6) to base 11
-5
What is bd (base 14) in base 12?
11b
Convert 6 (base 9) to base 12.
6
-12 (base 8) to base 10
-10
Convert 100 (base 8) to base 10.
64
What is 18 (base 11) in base 8?
23
Convert 312 (base 8) to base 6.
534
What is 2 (base 8) in base 9?
2
Convert -12 (base 9) to base 12.
-b
What is -5 (base 12) in base 9?
-5
What is 3 (base 10) in base 6?
3
Convert 165 (base 8) to base 10.
117
What is 89 (base 10) in base 7?
155
What is 121 (base 8) in base 12?
69
1 (base 11) to base 12
1
4 (base 9) to base 8
4
Convert 4 (base 16) to base 13.
4
What is b (base 14) in base 7?
14
Convert -7 (base 11) to base 15.
-7
What is -1 (base 3) in base 6?
-1
Convert 3 (base 9) to base 12.
3
85 (base 14) to base 7
225
Convert -102022 (base 3) to base 7.
-614
What is -483 (base 9) in base 16?
-18f
Convert -10000 (base 2) to base 9.
-17
What is 89 (base 10) in base 12?
75
What is 1321 (base 4) in base 12?
a1
What is 10 (base 8) in base 15?
8
Convert 444 (base 9) to base 2.
101101100
-4 (base 10) to base 14
-4
What is 5 (base 6) in base 4?
11
Convert -5 (base 9) to base 7.
-5
Convert -8 (base 15) to base 6.
-12
What is 23 (base 7) in base 3?
122
Convert 133 (base 5) to base 4.
223
-69 (base 11) to base 3
-2210
Convert -1314 (base 6) to base 12.
-23a
Convert -2 (base 8) to base 10.
-2
Convert 1 (base 11) to base 12.
1
What is 3 (base 11) in base 6?
3
Convert -45 (base 11) to base 14.
-37
-d (base 16) to base 5
-23
21 (base 7) to base 3
120
-3 (base 9) to base 15
-3
3 (base 6) to base 11
3
32 (base 4) to base 10
14
Convert -10 (base 3) to base 16.
-3
151 (base 8) to base 14
77
What is 1110010 (base 2) in base 9?
136
Convert -1 (base 2) to base 15.
-1
What is -141 (base 10) in base 13?
-ab
What is 10 (base 2) in base 12?
2
Convert 3 (base 15) to base 8.
3
What is 3320 (base 4) in base 7?
503
What is 82 (base 9) in base 6?
202
-2 (base 16) to base 6
-2
-171 (base 11) to base 10
-199
Convert -2 (base 12) to base 5.
-2
What is 14 (base 8) in base 7?
15
-7 (base 12) to base 3
-21
What is -43 (base 5) in base 11?
-21
What is -15 (base 9) in base 5?
-24
-10 (base 14) to base 5
-24
What is -6 (base 15) in base 11?
-6
What is -2 (base 9) in base 12?
-2
Convert 146 (base 8) to base 12.
86
What is -455 (base 7) in base 11?
-1a5
3 (base 9) to base 5
3
What is -